(-6)/b is divided by 16?
13
Suppose 4*w - 2*w - 4 = 0. Calculate the remainder when 2 is divided by w.
0
Let y = 3 - -2. Suppose 3*p - 267 = -y*a + 30, 216 = 4*a - 3*p. What is the remainder when a is divided by 20?
17
Let c = 64 - 32. Suppose q = -7 + c. What is the remainder when q is divided by 7?
4
What is the remainder when 79 is divided by ((840/25)/(-8))/((-2)/10)?
16
Let z be ((-2)/(-3))/((-14)/84). Calculate the remainder when ((18 - 0) + z)*3 is divided by 11.
9
Suppose 2*j - 5*p = 0, -16 = 2*j + 3*p - 0. Let r = -2 - j. Suppose -i = -r*i + 22. Calculate the remainder when 21 is divided by i.
10
Let x = 23 + 12. Calculate the remainder when x is divided by 3.
2
Suppose -2*m + 6 = -m + 3*v, 2*m - 5*v = -10. Suppose n + 1 - 11 = m. What is the remainder when 18 is divided by n?
8
Let m(k) = 2*k**2 + 3*k + 3. What is the remainder when 22 is divided by m(-2)?
2
Suppose -3*n + 4 = 7*v - 3*v, 4*n - 42 = 2*v. What is the remainder when n is divided by 7?
1
Let q be 2/((-16)/10)*-4. Suppose 2*h - 1 = q. Suppose 0 = -2*t - h + 29. What is the remainder when t is divided by 5?
3
Suppose 2*c = 3*y - 5, 5*y + c - 5*c = 7. Suppose -y*o = -2*i - 38, -2*i - 8 = -o + i. What is the remainder when 55 is divided by o?
13
Let a = -38 + 65. Let v = -10 + a. What is the remainder when 32 is divided by v?
15
Calculate the remainder when 1*(3 - -1 - 1) is divided by 3.
0
Let u = -36 + 4. Let n = u - -50. Suppose -13*k + 475 + 201 = 0. Calculate the remainder when k is divided by n.
16
Suppose 6*o = 1 + 575. Calculate the remainder when o is divided by 14.
12
Let d = 2 + 4. Calculate the remainder when 9 is divided by d.
3
Suppose -4*y = -f - 29, 3*f + 22 = 2*y + 5*f. Let n = y + 9. Suppose -5*j + 4 = -26. Calculate the remainder when n is divided by j.
5
Let m be 2/6 + (-196)/(-6). Suppose -5*i - 108 = -0*o + o, -26 = i - 2*o. Let a = i + m. What is the remainder when a is divided by 6?
5
Suppose 94 = y + 4*y + 4*q, 4*y = -q + 73. What is the remainder when 70 is divided by y?
16
Suppose 85 = -0*y + 5*y. Let v(n) = 68*n - 1. What is the remainder when v(1) is divided by y?
16
Let s(v) = -2*v**3 - 2*v**2 + v - 2. Suppose 5*n = 7*n - 22. What is the remainder when s(-3) is divided by n?
9
Suppose -4*a + 2*a - w + 44 = 0, 2*a - 4*w - 64 = 0. Calculate the remainder when 46 is divided by a.
22
Let y(a) = a + 9. Let p(k) = 51*k**2 - k - 2. Calculate the remainder when p(-1) is divided by y(4).
11
Let v(f) = 15*f**2 - 33*f + 6. Let i(p) = -7*p**2 + 16*p - 3. Let t(o) = 13*i(o) + 6*v(o). What is the remainder when 70 is divided by t(7)?
16
Suppose 1 = y - 5. What is the remainder when 16 is divided by y?
4
Let l be 1 + 4 - 3 - -2. Suppose 3*w = o + 68, l*w + o = -3*o + 96. Let g = 10 - 4. Calculate the remainder when w is divided by g.
5
Let n be (-87)/(-4) + (-6)/(-24). Let g be 1/(10/(-4))*-20. Suppose -2*l = -3*m + g, -4*m - 3 = -l - n. What is the remainder when 21 is divided by m?
3
Let v be 6/((4 + -2)*1). Suppose 5*u + 28 = v, 5*h = 5*u + 85. Suppose 5*g = 2*g + h. Calculate the remainder when 10 is divided by g.
2
Suppose 12*w - 27 = 9*w. Calculate the remainder when 16 is divided by w.
7
Let f = -1 + 11. Suppose -4*p + 55 = -21. Calculate the remainder when p is divided by f.
9
Let g be -2 - (-13 + 0) - -2. Let q = 2 + g. Calculate the remainder when 58 is divided by q.
13
Suppose -3*z - 1784 = -11*z. Calculate the remainder when z is divided by 32.
31
What is the remainder when 47 is divided by (19 - 1)*18/27?
11
Let i(m) = m**2 + 2*m. Suppose -5*u - 5 = 20. Calculate the remainder when 29 is divided by i(u).
14
Let u be (-229)/(-7) - 2/(-7). Let n = -17 + 22. Suppose n*a = 2 + u. Calculate the remainder when 12 is divided by a.
5
Suppose -2*k - h - 58 = -193, 0 = 2*k - h - 137. Suppose 7 + 4 = s - 3*m, 0 = 5*s - 5*m - 95. Calculate the remainder when k is divided by s.
22
What is the remainder when (18/7)/((-3)/(-42)) is divided by 13?
10
Suppose -2*l - 55 = -147. Suppose l = g + g. Let v = 66 + -53. Calculate the remainder when g is divided by v.
10
What is the remainder when -1 + 9 + 1 + 0 is divided by 4?
1
Let h be (3 - -1)*(-3)/(-4). Let y = 6 - h. What is the remainder when 10 is divided by y?
1
Let y(n) = 7*n + 1. Let u(w) = 8*w + 1. Let o(s) = 2*u(s) - 3*y(s). Let k be o(-1). Suppose 2*p - k*p + 4 = 0. What is the remainder when 4 is divided by p?
0
Suppose v = 3*z + 5*v - 10, 4 = z + v. Let p(y) = 8*y + 1. Calculate the remainder when p(2) is divided by z.
5
Let d = -20 + 67. Calculate the remainder when d is divided by 0 - 0 - (-17 + 1).
15
Calculate the remainder when 2*-22*-1 + -2 is divided by 16.
10
Suppose -2*w + 4*w - 502 = -3*r, -5*r + w + 828 = 0. What is the remainder when r is divided by 28?
26
Let q(o) = -11*o + 1. What is the remainder when q(-3) is divided by (2 - 4) + (-98)/(-7)?
10
Suppose -2*k = -2*s + 128, 49 = s - 2*k + 6*k. Calculate the remainder when s is divided by 9.
7
Let r = -5 + 7. Suppose s - 23 = -r*x, 2*s + 4*x + 49 = 5*s. Suppose 4*t - g = 168, 1 = 5*g - s. Calculate the remainder when t is divided by 22.
21
Suppose -512 - 946 = -9*w. What is the remainder when w is divided by 11?
8
Suppose 7*o = 29 + 83. Calculate the remainder when 46 is divided by o.
14
Suppose 0 = 9*w - 4*w + 375. Let z = -33 - w. Calculate the remainder when z is divided by 22.
20
Calculate the remainder when 58 is divided by 3 + -3 + 8 + 2.
8
Suppose 984 = 19*j + 5*j. Let z = 3 + 11. Calculate the remainder when j is divided by z.
13
Let s = 10 - 16. Let f(j) = j**3 + 8*j**2 + 10*j + 7. Let t be f(s). Let q = -2 + t. Calculate the remainder when q is divided by 6.
5
Let x = 31 - 11. Calculate the remainder when x is divided by 11.
9
Let t = -22 - -39. Suppose 2*m - 13 = -0*y + 3*y, -2*m - 3*y - 17 = 0. Calculate the remainder when t is divided by -18*m*(-3)/(-6).
8
Suppose 3*r - 20 = -c, -4*c = -2*r + 5*r - 35. Suppose 4*i = 3*i - 3*o - 9, c*o = -25. Calculate the remainder when 22 is divided by i.
4
Let x = 0 + 4. What is the remainder when 11 is divided by (12/8)/(1/x)?
5
Let c = -23 - -49. What is the remainder when 65 is divided by c?
13
Let i = 8 + -4. Suppose -z = 3*n - i*n - 14, -z + 17 = -2*n. Suppose -z = -o - l - 0*l, -4*o + 2*l = -56. What is the remainder when o is divided by 4?
1
Let f(u) = -u - 4. Let q be f(-6). Suppose -m = 2*w - w - 57, 5*m + 114 = q*w. Calculate the remainder when w is divided by -1 + 2 - (-28)/2.
12
Let w(m) = -m**2 + 10*m + 2. Let t be w(9). Suppose -9 = -2*g + t. Calculate the remainder when 28 is divided by g.
8
Suppose 4*w + p - 134 = 0, -3*w + p + 111 - 14 = 0. What is the remainder when w is divided by 4/(9/((-486)/(-12)))?
15
Suppose 18*v = 14*v + 132. Suppose -2*j + 7 = -11. What is the remainder when v is divided by j?
6
Let b be 4 + -2 + 2 + -2. Let m = b - 1. Calculate the remainder when 14 is divided by (1/(-2))/(m/(-10)).
4
Let x = -4 - -6. Suppose 0 = -2*p - x*m, -20 = -3*p + p + 2*m. What is the remainder when 9 is divided by p?
4
Suppose -4*g - 5*m = -109, 4*g - 2*g - 56 = -4*m. Calculate the remainder when 100 is divided by g.
22
Let o(p) = -163*p - 7. Let c be o(-7). Suppose c - 484 = -5*a. Calculate the remainder when 4/5*a/(-4) is divided by 9.
8
Let r = 61 - 48. What is the remainder when 90 is divided by r?
12
Suppose 5*k - 2*p = 165 + 389, 0 = -3*p - 6. Calculate the remainder when k is divided by 28.
26
Let u(v) = -10*v - 3. Let k(g) = 5*g + 2. Let j(r) = -7*k(r) - 4*u(r). Let y be j(4). Suppose 0 = -4*f + 2*f + y. What is the remainder when 17 is divided by f?
8
Suppose 3*x = 2*p - 0*x - 30, -11 = p + 5*x. Suppose 2*k + 30 = -3*k. Let i = k + p. Calculate the remainder when 11 is divided by i.
2
Let s(f) = -f**3 - 4*f**2 + 2*f - 6. Calculate the remainder when 35 is divided by s(-5).
8
Suppose 7*a - 3*a = 4*v + 220, 2*v - 190 = -4*a. Let t = 101 - a. Suppose -t = q - 4*q. Calculate the remainder when 32 is divided by q.
15
Suppose 3*d + 0*o = 2*o + 121, 2*o = -10. Let g = 2 + 8. Calculate the remainder when d is divided by g.
7
Suppose -4*z = 3*a - 296, -5*a = -7*z + 2*z + 335. Suppose 74 = j + 3*j - g, -2 = g. What is the remainder when z is divided by j?
17
Let o = -72 + 77. Calculate the remainder when o is divided by (-1)/((-1)/6) + -2.
1
Suppose o + 3*o + 60 = 0. Let q 